 (3 - (2 - 3 - -7 - -20))?
23
What is the value of -6 + (-22 + 14 - (13 + 3)) + 2?
-28
Evaluate 2 - (-5 - (1 - (5 - -1))).
2
27 - 15 - 15 - (8 + -1)
-10
What is the value of (-132 - -130) + (-1 - (-1 + -5)) - -3?
6
Calculate (7 - (0 - 3)) + 0 + (-20 - -10).
0
Calculate 20 + 1 + 9 + 0 + -5 - 6.
19
Calculate (1 - -22) + (-7 - -2).
18
Calculate 28 - -31 - 44 - (-2 + 42).
-25
What is the value of 0 + (-3 - ((-4 - 0) + -12))?
13
What is the value of (-4 + 6 - -4) + 7 - (-16 - -15)?
14
What is 29 - 30 - 25 - -3?
-23
What is -3 - (12 + -11 - 10) - 10 - -29?
25
What is the value of 313 + -295 - (-1 + -8)?
27
What is the value of (5 - 16 - -13) + -34?
-32
24 - (9 + 18 + -17)
14
Calculate (0 - (4 + -4)) + -4 + -2 + 3.
-3
Evaluate 4 + 5 + (-1 - 5) + 0.
3
What is the value of 19 - 74 - -45 - (-21 + -1)?
12
Evaluate (-3 + -10 - 6) + 15.
-4
Evaluate 20 + 26 + -32 + 2.
16
Evaluate (11 - 20) + 23 + -6.
8
Calculate 8 + (12 + -6 - 27) + 10.
-3
What is the value of (10 - 12) + 11 - (-4 + 7)?
6
What is the value of (9 - 11) + -16 + (-1 - 3 - 3)?
-25
-2 - 23 - (-26 + 14 + -3 - -8)
-18
Calculate -24 + 17 + -2 + -2.
-11
What is the value of 1 - 8 - -6 - (-8 - 1) - 5?
3
What is 15 - ((0 - -22) + -21 - (5 - 1))?
18
What is (12 - 5) + 4 + -5?
6
Evaluate 2 + -28 + (-22 - 17) + 51.
-14
What is (-11 - 2) + (-27 - -24)?
-16
What is the value of -24 - (2 + -3 - (-9 + 2 + 12))?
-18
What is (4 - -1) + 8 + (0 + 13 - 7)?
19
What is 3 - (25 - 23 - -3)?
-2
Evaluate -1 + -8 - (-14 + 5 + -6) - -19.
25
Calculate 22 + -20 + -32 - -22.
-8
(-17 - -1) + 207 + -197
-6
What is the value of (-16 - -68 - 66) + -10 + 0?
-24
What is the value of 5 + -27 + (-27 - -29) + -13?
-33
What is the value of -19 + (14 - -4) - (-3 + 8)?
-6
What is (-20 + 28 - 8 - -10) + (-2 - -17)?
25
Calculate 67 + -33 - (5 - -28).
1
Evaluate (-5 + 15 - 15) + 14 - -3.
12
Calculate (-8 - -1) + (15 - (-17 - -24)) - -6.
7
Calculate -397 + 418 + (-2 - 26).
-7
Calculate 11 + (10 + -1 - (5 - 6 - -2)).
19
What is (7 - -5 - (0 + -9) - 2) + -8?
11
Evaluate -23 - (-30 - -13) - (1 + -4 + -6).
3
What is (35 + -82 - -41) + 18?
12
-34 - -43 - ((2 - 6) + (-1 - -11))
3
What is (1 - -23) + (-3 + 7 - 4)?
24
Calculate -2 - -3 - (-48 - -43 - (-3 - -1)).
4
What is the value of (0 - -13) + (8 - 1 - 12)?
8
What is -14 - (1 + -4 + -3 - 2)?
-6
What is the value of 175 - 201 - (-1 + -41)?
16
What is (1 + 1 + 5 - 5 - 7) + 8?
3
What is -28 + (3 - -2) - -8?
-15
Evaluate (483 - 461) + -3 + 5 + -2 + 1.
23
What is the value of -2 + 4 + 16 + -10?
8
Evaluate (6 - 1) + (549 - 571).
-17
What is the value of (-2 - -10 - (26 - 29)) + -5?
6
What is -1380 - -1369 - (-30 + (-1 - -1))?
19
Calculate (64 - 72) + (13 - -2).
7
Evaluate (-79 - -126 - (-3 - -17)) + -1 + -11.
21
Evaluate 2 + 2 + -18 + -2 + 23.
7
Evaluate -6 - (2 - -2) - -12.
2
What is -19 - (-8 + (11 + -8 - -9) - -5)?
-28
4 + -1 + (18 - 8) - (0 + 2)
11
Calculate (-22 - -38) + -1 - 19.
-4
Evaluate (1 - 23) + 25 + -9 + 0.
-6
Evaluate 11 + (-11 - (-7 - -6 - 6)).
7
What is the value of 2 + 3 - (-5 + -3 + -3 + 12)?
4
Evaluate (-11 - -11) + 6 - 4.
2
-3 + 1 + 8 - (456 + -459)
9
Calculate -13 + (30 - 12) - 1 - 28.
-24
40 + (-17 - (8 - -6))
9
(-7 - (0 - 2)) + (7 - (4 + -8))
6
What is -5 - (15 + (-37 - -6))?
11
Evaluate (-131 + 143 - (1 - -16)) + 5 + -1.
-1
What is -4 - ((-11 - -15) + -6 + 2 + -1)?
-3
Calculate -6 + (10 - 6) + -7 + 9.
0
1 + (1 - 3) - ((29 - 17) + -2)
-11
-10 - ((-22 - 8) + 9)
11
Calculate 30 - (106 + -58) - (9 + -1 + -1).
-25
Evaluate -10 - -11 - 4 - -4.
1
What is the value of 9 + -23 + 6 + 18 + -4?
6
(-10 - -6) + 4 + 5 + (-2 - -5)
8
What is the value of -10 + -11 + (2 - (0 - 6))?
-13
Calculate -8 + (16 - (-6 - -5)).
9
-2 - 1 - -2 - (4 - 13)
8
What is (46 - 2) + -1044 + 1039?
39
Evaluate -8 - ((-9 - 4) + 2).
3
Evaluate (36 - 58) + -20 - -13.
-29
-1 - (3 - (24 + -16 + -3))
1
What is the value of 0 - -15 - (361 + -358)?
12
What is (-7 - -7 - 8 - -1) + 9 + 13?
15
What is -8 - (12 + -2) - -25?
7
Evaluate 13 + (9 + 5 - (3 - -44)).
-20
7 + (-31 + 13 + (-1 - 0) - -5)
-7
What is the value of (33 + -38 - (-1 - 3 - 2)) + -25?
-24
What is the value of -40 + 41 + (44 - 9)?
36
What is (-5 - -22) + (-21 - -15)?
11
0 + 19 + -1 + -35
-17
What is the value of (14 - 4) + (-16 - -20) + 7?
21
-6 + 0 + 0 + 0 + -6 + -3
-15
What is 1 - -6 - (50 - (-52 - -111))?
16
-2 + -1 + 43 + -51 - -14
3
Calculate (29 - 14) + (-4 + -2 - -3).
12
Calculate -12 - (13 + -6) - -12.
-7
Evaluate 0 + 9 + 6 + -13.
2
What is the value of 9 + (0 - (1 - -1)) + (590 - 607)?
-10
Calculate (-10 - 1) + (-89 - -111) + -6.
5
-6 + 2 + (-7 - (3 - (11 + -4)))
-7
What is the value of -13 + 16 + -12 - -13?
4
Evaluate (-4 - (-1 + -2)) + -1 - (17 + -4).
-15
Evaluate 11 + (1 - 1) + -4 + 8 + -10.
5
Calculate -1 + -5 + -12 + 1 + -2 + 4.
-15
What is 2 + -3 - (-4 - -1) - (-244 + 255)?
-9
What is -60 - -58 - (1 - (-1 - -7 - 3))?
0
(9 - 11) + -3 + 3
-2
1 + 29 + 23 + (0 - (-2 + 25))
30
Calculate 143 - 142 - (1 + -5 + -1) - 6.
0
What is (-6 - -11) + -5 + (7 - (7 - 14))?
14
13 + -2 - (19 - (7 - -9))
8
Evaluate (-5 - (-9 - (2 + -11))) + 13.
8
What is the value of -14 + 25 + (-2 - (3 + 2 + -1))?
5
What is the value of -15 + 6 + 4 - -8?
3
18 + 21 + 10 + -43
6
What is the value of (6 - (7 - (-11 - -6))) + -18?
-24
Evaluate 1 + -3 - -8 - (-408 - -417).
-3
What is the value of -15 + 0 - (-23 - (-33 - -18)) - 16?
-23
Evaluate (-2 + 9 + -1 - 6) + -3.
-3
Calculate -5 + (-8 - -11) + -4 + 15.
9
Calculate (-12 - (39 + -31)) + 29.
9
Calculate 1 + (12 - 20) + (-2 - 4).
-13
2 - (-15 + 40 + -2)
-21
Evaluate (0 + -1 - (149 - 130)) + -7.
-27
Evaluate 6 - -17 - (-26 + 58).
-9
What is 6 - ((10 - -1) + -37 + 33) - 12?
-13
Calculate -8 + (27 - 31 - (2 - 23)).
9
Calculate -15 - 1 - (-16 + -34 + 46).
-12
Calculate 1 - (-3 + 15) - (641 - 638).
-14
Calculate -2 - (-17 - -22) - (-5 + 10).
-12
Evaluate 2 - (-2 + 4 + (12 - 4 - 11)).
3
What is the value of 14 + (-8 - (-2 - -2)) + -4 + -1?
1
Calculate -6 - -6 - 3 - (-3 - 1).
1
Evaluate (22 - -4) + -21 + 12 + -1.
16
Calculate (-33 - (-4 + -20)) + 27 + 1.
19
Calculate -1 - ((-1 + 14 - (4 - 0)) + -16).
6
What is the value of (-12 - -41 - 24) + (1 - 0)?
6
-20 - (-43 - -87 - 85)
21
(7 - (-10 + 18)) + 2
1
22 + -7 + -17 + (3 - (-2 - -2))
1
What is the value of -4 + 0 + 3 + (-3 - -7 - 12)?
-9
What is (1 - -4) + 15 + 5 + -19?
6
Calculate 8 + (5 - 29 - -10).
-6
What is the value of (501 - 476) + -6 + -1?
18
Calculate 15 + -20 + -10 - -9.
-6
Calculate -41 - -9 - -17 - (-38 + -5).
28
-9 + 6 + (9 - 17 - -14)
3
(-2 - -6 - -7) + -51 + 20
-20
Evaluate 1 - (0 - 14) - (-2615 + 2628).
2
Calculate -14 + (12 - 5 - -8 - 2).
-1
Evaluate -13 + -4 - (44 + -44).
-17
Evaluate -1 + (-5 - 5) + 5 + 8.
2
Calculate (6 - (-6 - (-4 + -1))) + -10.
-3
What is the value of -9 + 1 - (-6 + (-5 - (-15 + 11)))?
-1
-3 - (-9 - -1) - 3
2
(-18 - 1 - -2) + -66 + 74
-9
Evaluate -16 + -29 + 76 + -21.
10
Evaluate 26 + -12 - 23 - (6 - (3 + -2)).
-14
6 - (-2 - (-14 + 9))
3
Evaluate 4 + -9 + -4 + 3.
-6
What is 7 - (5 + (1 - -6))?
-5
Evaluate (4 - 3) + (-2 - (0 + -6 - 2)).
7
What is the value of 10 + 2 + -21 + 2 - (-4 + -2)?
-1
Evaluate (5 - 4 - 3) + -48 + (32 - 4).
-22
Calculate 8 + -9 - (-5 - 11 - 1 - -1).
15
-28 + (5 - (-33 - -34))
-24
What is the value of -18 - (-5 - 17) - (-2 + -6)?
12
Evaluate (-2 - -17) + (2 - 26) + 30.
21
What is the value of 16 - 12 - (1 - -1) - 13?
-11
(-4 - (2 - (12 + -3))) + 0 - 1
2
What is (15 - (-10 - -20)) + -2?
3
17 + 1 + -17 + -1
0
Calculate 194 + -229 + 0 + 10.
-25
1 - 0 - -10 - (-526 + 521)
16
4 + -7 + 6 + (0 - (3 - -3))
-3
What is -2 - 9 - -2 - (184 - 194)?
1
Evaluate 3 + -31 - (51 - 68).
-11
Evaluate (0 - 16) + (25 - 14) + 0 + -2.
-7
What is the value of 1 - 15 - (-30 + (-45 - -67))?
-6
Calculate -8 + (1 - ((4 - 5) + 5)).
-11
Evaluate 461 + -452 + (-2 - (-3 + (-2 - -3))).
9
Calculate -3 + (9 - -4) - (-12 + 14).
8
Calculate (-10 + 30 - 7) + 0 + -4 + 4.
13
Calculate 10 + 8 + 3 + -13.
8
-55 + 70 + (-7 - -1 - (4 + -2))
7
2 + 20 + -12 + 3 + (0 - 7)
6
What is the value of 10 + 19 + -21 + -2 + -2?
4
7 + 2 + 8 + -16
1
What is (-2 - (-1 + -8)) + 6 - 0?
13
What is 4 + (-7 - (-8 + -2 + 4 + 6))?
-3
Calculate 9 + (1 - (-38 - -82)).
-34
What is the value of -8 - 4 - (0 - 18)?
6
Calculate 18 - (-3 - 2 - ((-6 - 5) + 0)).
12
Evaluate -17 + 11 - (-1 - -4 - 10).
1
What is 